{"id":1595,"date":"2022-05-02T20:08:29","date_gmt":"2022-05-02T20:08:29","guid":{"rendered":"https:\/\/altaremera.com.ar\/sitio\/?post_type=product&#038;p=1595"},"modified":"2026-01-07T14:18:43","modified_gmt":"2026-01-07T14:18:43","slug":"buzo-canguro-frizado","status":"publish","type":"product","link":"https:\/\/altaremera.com.ar\/sitio\/producto\/buzo-canguro-frizado\/","title":{"rendered":"Buzo Canguro Frizado"},"content":{"rendered":"<div class=\"Y3BBE\" data-sfc-cp=\"\" data-hveid=\"CAEQAA\" data-processed=\"true\">Un buzo canguro frizado es una prenda de abrigo abrigada y suave, ideal para el fr\u00edo, que se caracteriza por su\u00a0<mark class=\"HxTRcb\"><strong class=\"Yjhzub\">capucha, un bolsillo delantero tipo canguro grande y una tela frisada<\/strong>\u00a0que le da un interior afelpado y c\u00e1lido<\/mark>. Suelen ser c\u00f3modos, vers\u00e1tiles y duraderos.<span class=\"uJ19be notranslate\" data-wiz-uids=\"CZw0x_d,CZw0x_e,CZw0x_f\"><span class=\"vKEkVd\" data-animation-atomic=\"\">\u00a0<button class=\"rBl3me\" tabindex=\"0\" data-amic=\"true\" data-icl-uuid=\"1bcd63cb-5f4a-447f-87b5-67def68c19e6\" aria-label=\"Ver enlaces relacionados\" data-wiz-attrbind=\"disabled=CZw0x_d_C5gNJc;class=CZw0x_d_UpSNec;\" data-ved=\"2ahUKEwiMqZfBopWRAxU7mZUCHUSjEpQQye0OegQIARAC\"><\/button><\/span><\/span><\/div>\n<div class=\"Fsg96\" data-sfc-cp=\"\" data-processed=\"true\"><\/div>\n<div class=\"otQkpb\" role=\"heading\" aria-level=\"3\" data-animation-nesting=\"\" data-sfc-cp=\"\" data-processed=\"true\">Caracter\u00edsticas principales<button class=\"rBl3me\" tabindex=\"0\" data-amic=\"true\" data-icl-uuid=\"0eb5da87-a033-4c6e-b960-7e64d8ebec70\" aria-label=\"Ver enlaces relacionados\" data-wiz-attrbind=\"disabled=CZw0x_m_C5gNJc;class=CZw0x_m_UpSNec;\" data-ved=\"2ahUKEwiMqZfBopWRAxU7mZUCHUSjEpQQye0OegQIAhAA\" data-processed=\"true\"><\/button><\/div>\n<ul class=\"KsbFXc U6u95\" data-processed=\"true\">\n<li data-hveid=\"CAQQAA\" data-processed=\"true\"><span class=\"T286Pc\" data-sfc-cp=\"\" data-processed=\"true\"><strong class=\"Yjhzub\" data-processed=\"true\">Material:<\/strong>\u00a0La tela frizada est\u00e1 hecha t\u00edpicamente de una mezcla de algod\u00f3n y poli\u00e9ster, ofreciendo suavidad, calidez y resistencia. Es una de las telas m\u00e1s populares para prendas de abrigo.<\/span><\/li>\n<li data-hveid=\"CAQQAQ\" data-processed=\"true\"><span class=\"T286Pc\" data-sfc-cp=\"\" data-processed=\"true\"><strong class=\"Yjhzub\" data-processed=\"true\">Dise\u00f1o:<\/strong><\/span>\n<ul class=\"KsbFXc U6u95\" data-processed=\"true\">\n<li data-hveid=\"CAQQAg\" data-processed=\"true\"><span class=\"T286Pc\" data-sfc-cp=\"\" data-processed=\"true\"><strong class=\"Yjhzub\" data-processed=\"true\">Capucha:<\/strong>\u00a0Cuenta con una capucha, a menudo con cordones para ajustarla.<\/span><\/li>\n<li data-hveid=\"CAQQAw\" data-processed=\"true\"><span class=\"T286Pc\" data-sfc-cp=\"\" data-processed=\"true\"><strong class=\"Yjhzub\" data-processed=\"true\">Bolsillo canguro:<\/strong>\u00a0Un bolsillo grande y abierto en la parte delantera, ideal para guardar las manos y objetos.<\/span><\/li>\n<li data-hveid=\"CAQQBA\" data-processed=\"true\"><span class=\"T286Pc\" data-sfc-cp=\"\" data-processed=\"true\"><strong class=\"Yjhzub\" data-processed=\"true\">Pu\u00f1os y cintura:<\/strong>\u00a0Suele tener pu\u00f1os y una cintura en el bajo, que proporcionan un buen ajuste.<\/span><\/li>\n<\/ul>\n<\/li>\n<li data-hveid=\"CAQQBQ\" data-processed=\"true\"><span class=\"T286Pc\" data-sfc-cp=\"\" data-processed=\"true\"><strong class=\"Yjhzub\" data-processed=\"true\">Comodidad y estilo:<\/strong><\/span>\n<ul class=\"KsbFXc U6u95\" data-processed=\"true\">\n<li data-hveid=\"CAQQBg\" data-processed=\"true\"><span class=\"T286Pc\" data-sfc-cp=\"\" data-processed=\"true\"><strong class=\"Yjhzub\" data-processed=\"true\">Abrigado:<\/strong>\u00a0La principal ventaja de la tela frizada es su capacidad para abrigar en temporadas de fr\u00edo.<\/span><\/li>\n<li data-hveid=\"CAQQBw\" data-processed=\"true\"><span class=\"T286Pc\" data-sfc-cp=\"\" data-processed=\"true\"><strong class=\"Yjhzub\" data-processed=\"true\">Suavidad:<\/strong>\u00a0La textura interna afelpada de la tela proporciona una sensaci\u00f3n suave y confortable.<\/span><\/li>\n<li data-hveid=\"CAQQCA\" data-processed=\"true\"><span class=\"T286Pc\" data-sfc-cp=\"\" data-processed=\"true\"><strong class=\"Yjhzub\" data-processed=\"true\">Versatilidad:<\/strong>\u00a0Es una prenda vers\u00e1til que se puede usar en ocasiones casuales, para estar en casa o para actividades al aire libre.<\/span><span class=\"uJ19be notranslate\" data-wiz-uids=\"CZw0x_3h,CZw0x_3i,CZw0x_3j\" data-processed=\"true\"><span class=\"vKEkVd\" data-animation-atomic=\"\" data-processed=\"true\">\u00a0<\/span><\/span><\/li>\n<\/ul>\n<\/li>\n<\/ul>\n","protected":false},"excerpt":{"rendered":"<p>Hoodie b\u00e1sico con capucha forrada, disponible en varios colores, de manga larga, con bolsillo delantero tipo canguro, confeccionado en friza. Pu\u00f1os en rib<\/p>\n","protected":false},"featured_media":3663,"comment_status":"open","ping_status":"closed","template":"","meta":{"rs_blank_template":"","rs_page_bg_color":"","slide_template_v7":"","inline_featured_image":false},"product_brand":[],"product_cat":[20,8,24],"product_tag":[26,110,111,120],"class_list":{"0":"post-1595","1":"product","2":"type-product","3":"status-publish","4":"has-post-thumbnail","6":"product_cat-dama","7":"product_cat-hombre","8":"product_cat-unisex","9":"product_tag-buzo","10":"product_tag-canguro","11":"product_tag-capucha","12":"product_tag-manga-larga","13":"product_shipping_class-sucursal","14":"wcmi-has-gallery","16":"first","17":"instock","18":"featured","19":"shipping-taxable","20":"purchasable","21":"product-type-simple"},"_links":{"self":[{"href":"https:\/\/altaremera.com.ar\/sitio\/wp-json\/wp\/v2\/product\/1595","targetHints":{"allow":["GET"]}}],"collection":[{"href":"https:\/\/altaremera.com.ar\/sitio\/wp-json\/wp\/v2\/product"}],"about":[{"href":"https:\/\/altaremera.com.ar\/sitio\/wp-json\/wp\/v2\/types\/product"}],"replies":[{"embeddable":true,"href":"https:\/\/altaremera.com.ar\/sitio\/wp-json\/wp\/v2\/comments?post=1595"}],"version-history":[{"count":6,"href":"https:\/\/altaremera.com.ar\/sitio\/wp-json\/wp\/v2\/product\/1595\/revisions"}],"predecessor-version":[{"id":3774,"href":"https:\/\/altaremera.com.ar\/sitio\/wp-json\/wp\/v2\/product\/1595\/revisions\/3774"}],"wp:featuredmedia":[{"embeddable":true,"href":"https:\/\/altaremera.com.ar\/sitio\/wp-json\/wp\/v2\/media\/3663"}],"wp:attachment":[{"href":"https:\/\/altaremera.com.ar\/sitio\/wp-json\/wp\/v2\/media?parent=1595"}],"wp:term":[{"taxonomy":"product_brand","embeddable":true,"href":"https:\/\/altaremera.com.ar\/sitio\/wp-json\/wp\/v2\/product_brand?post=1595"},{"taxonomy":"product_cat","embeddable":true,"href":"https:\/\/altaremera.com.ar\/sitio\/wp-json\/wp\/v2\/product_cat?post=1595"},{"taxonomy":"product_tag","embeddable":true,"href":"https:\/\/altaremera.com.ar\/sitio\/wp-json\/wp\/v2\/product_tag?post=1595"}],"curies":[{"name":"wp","href":"https:\/\/api.w.org\/{rel}","templated":true}]}}