{"id":152,"date":"2016-02-08T20:18:56","date_gmt":"2016-02-08T20:18:56","guid":{"rendered":"http:\/\/altaremera.com.ar\/sitio\/?page_id=152"},"modified":"2025-11-26T17:49:26","modified_gmt":"2025-11-26T17:49:26","slug":"sobre-nosotros","status":"publish","type":"page","link":"https:\/\/altaremera.com.ar\/sitio\/sobre-nosotros\/","title":{"rendered":"Sobre nosotros"},"content":{"rendered":"\n<p><\/p>\n\n\n<blockquote>\n<p>Tenemos mas de 20 a\u00f1os en el mercado online, trabajamos sobre prendas armadas personalizando los estampados con tu dise\u00f1o propio, logo, marca o simplemente, lo que quieras!<\/p>\n<\/blockquote>\n<p>Aqu\u00ed vas a encontrar toda la informaci\u00f3n necesaria para realizar <strong>Remeras Estampadas con tu propio dise\u00f1o<\/strong>. De forma tal que cumpla con las caracter\u00edsticas necesarias para poder ser estampado correctamente y en forma duradera.<\/p>\n<p><a href=\"http:\/\/altaremera.com.ar\/sitio\/wp-content\/uploads\/2016\/02\/inspirate_2-1.jpg\"><img fetchpriority=\"high\" decoding=\"async\" class=\"size-medium wp-image-2257 alignleft\" src=\"https:\/\/altaremera.com.ar\/sitio\/wp-content\/uploads\/2022\/08\/serv7-300x194.jpg\" alt=\"\" width=\"300\" height=\"194\" srcset=\"https:\/\/altaremera.com.ar\/sitio\/wp-content\/uploads\/2022\/08\/serv7-300x194.jpg 300w, https:\/\/altaremera.com.ar\/sitio\/wp-content\/uploads\/2022\/08\/serv7-416x269.jpg 416w, https:\/\/altaremera.com.ar\/sitio\/wp-content\/uploads\/2022\/08\/serv7-320x207.jpg 320w, https:\/\/altaremera.com.ar\/sitio\/wp-content\/uploads\/2022\/08\/serv7-480x310.jpg 480w, https:\/\/altaremera.com.ar\/sitio\/wp-content\/uploads\/2022\/08\/serv7.jpg 487w\" sizes=\"(max-width: 300px) 100vw, 300px\" \/><\/a><\/p>\n<p>Podes realizar el dise\u00f1o con nuestra aplicaci\u00f3n de <a href=\"http:\/\/altaremera.com.ar\/sitio\/personaliza\">Dise\u00f1ador<\/a>, te dara la pauta de poder comprar la remera si el dise\u00f1o que logras es como vos queres y estas de acuerdo con la cotizaci\u00f3n automatica que te brinda el dise\u00f1ador, podes oviar la compra y enviarnos un link para que lo evaluemos y te respondamos o podes realizarlo mediante un soft de edici\u00f3n de Gr\u00e1ficos Vectoriales como por ejemplo <a title=\"Adobe Illustrator\" href=\"http:\/\/es.wikipedia.org\/wiki\/Adobe_Illustrator\" target=\"_blank\" rel=\"noopener\">Adobe Illustrator<\/a>, <a title=\"Corel DRAW\" href=\"http:\/\/es.wikipedia.org\/wiki\/CorelDRAW\" target=\"_blank\" rel=\"noopener\">Corel DRAW<\/a>\u00a0o <a title=\"Inkscape\" href=\"http:\/\/es.wikipedia.org\/wiki\/Inkscape\" target=\"_blank\" rel=\"noopener\">Inkscape<\/a>. Nosotros recomendamos el Adobe Illustrator\u00a0ya que actualmente se ha convertido en un est\u00e1ndar de facto, existiendo abundante literatura, tutoriales, cursos y foros de ayuda para aprender a usarlo.<\/p>\n<p>A lo largo de los \u00faltimos 20 a\u00f1os, las remeras pasaron del caj\u00f3n de la ropa interior a ser un b\u00e1sico, junto con los jeans y zapatillas, tan c\u00f3modo y vers\u00e1til que se ha vuelto imprescindible. Tal es as\u00ed que los mejores dise\u00f1adores del mundo presentan remeras en cada una de sus colecciones.<\/p>\n<p><br \/><img decoding=\"async\" class=\"size-medium wp-image-170 aligncenter\" src=\"http:\/\/altaremera.com.ar\/sitio\/wp-content\/uploads\/2016\/02\/inspirate_2-1-300x123.jpg\" alt=\"inspirate_2\" width=\"600\" height=\"246\" srcset=\"https:\/\/altaremera.com.ar\/sitio\/wp-content\/uploads\/2016\/02\/inspirate_2-1-300x123.jpg 300w, https:\/\/altaremera.com.ar\/sitio\/wp-content\/uploads\/2016\/02\/inspirate_2-1-416x171.jpg 416w, https:\/\/altaremera.com.ar\/sitio\/wp-content\/uploads\/2016\/02\/inspirate_2-1.jpg 734w\" sizes=\"(max-width: 600px) 100vw, 600px\" \/><\/p>\n<p>Pero ALTA REMERA no es solamente un sitio de venta de remeras: es una ventana al mundo del dise\u00f1o, el arte y la moda. Porque una remera puede reflejar una forma de ser, una forma de pensar, un estado de \u00e1nimo. Podemos identificarnos con un estilo u otro seg\u00fan la remera que usamos.<\/p>\n<p>ALTA REMERA te propone una variedad de dise\u00f1os para que puedas elegir, pero tambi\u00e9n te da la posibilidad de que vos crees tu propio dise\u00f1o, ya sea para que realicemos tu remera o solamente para divertirte! Podes guardar tus dise\u00f1os, enviarlos a un amigo, compartirlos en las redes sociales. Inspirate y hac\u00e9 la tuya!<\/p>\n<p><img decoding=\"async\" class=\"aligncenter wp-image-2262 size-full\" src=\"https:\/\/altaremera.com.ar\/sitio\/wp-content\/uploads\/2022\/08\/banner-2.jpg\" alt=\"\" width=\"1290\" height=\"375\" srcset=\"https:\/\/altaremera.com.ar\/sitio\/wp-content\/uploads\/2022\/08\/banner-2.jpg 1290w, https:\/\/altaremera.com.ar\/sitio\/wp-content\/uploads\/2022\/08\/banner-2-416x121.jpg 416w, https:\/\/altaremera.com.ar\/sitio\/wp-content\/uploads\/2022\/08\/banner-2-300x87.jpg 300w, https:\/\/altaremera.com.ar\/sitio\/wp-content\/uploads\/2022\/08\/banner-2-1024x298.jpg 1024w, https:\/\/altaremera.com.ar\/sitio\/wp-content\/uploads\/2022\/08\/banner-2-768x223.jpg 768w, https:\/\/altaremera.com.ar\/sitio\/wp-content\/uploads\/2022\/08\/banner-2-320x93.jpg 320w, https:\/\/altaremera.com.ar\/sitio\/wp-content\/uploads\/2022\/08\/banner-2-480x140.jpg 480w, https:\/\/altaremera.com.ar\/sitio\/wp-content\/uploads\/2022\/08\/banner-2-800x233.jpg 800w\" sizes=\"(max-width: 1290px) 100vw, 1290px\" \/><\/p>","protected":false},"excerpt":{"rendered":"<p>Tenemos mas de 20 a\u00f1os en el mercado online, trabajamos sobre prendas armadas personalizando los estampados con tu dise\u00f1o propio, logo, marca o simplemente, lo que quieras! Aqu\u00ed vas a encontrar toda la informaci\u00f3n necesaria para realizar Remeras Estampadas con tu propio dise\u00f1o. De forma tal que cumpla con las caracter\u00edsticas necesarias para poder ser [&hellip;]<\/p>\n","protected":false},"author":1,"featured_media":0,"parent":0,"menu_order":1,"comment_status":"closed","ping_status":"closed","template":"","meta":{"inline_featured_image":false,"footnotes":""},"class_list":["post-152","page","type-page","status-publish","hentry"],"_links":{"self":[{"href":"https:\/\/altaremera.com.ar\/sitio\/wp-json\/wp\/v2\/pages\/152","targetHints":{"allow":["GET"]}}],"collection":[{"href":"https:\/\/altaremera.com.ar\/sitio\/wp-json\/wp\/v2\/pages"}],"about":[{"href":"https:\/\/altaremera.com.ar\/sitio\/wp-json\/wp\/v2\/types\/page"}],"author":[{"embeddable":true,"href":"https:\/\/altaremera.com.ar\/sitio\/wp-json\/wp\/v2\/users\/1"}],"replies":[{"embeddable":true,"href":"https:\/\/altaremera.com.ar\/sitio\/wp-json\/wp\/v2\/comments?post=152"}],"version-history":[{"count":25,"href":"https:\/\/altaremera.com.ar\/sitio\/wp-json\/wp\/v2\/pages\/152\/revisions"}],"predecessor-version":[{"id":2263,"href":"https:\/\/altaremera.com.ar\/sitio\/wp-json\/wp\/v2\/pages\/152\/revisions\/2263"}],"wp:attachment":[{"href":"https:\/\/altaremera.com.ar\/sitio\/wp-json\/wp\/v2\/media?parent=152"}],"curies":[{"name":"wp","href":"https:\/\/api.w.org\/{rel}","templated":true}]}}